 1370, -n - c = -4*o - 2334. What is the thousands digit of o?
1
Suppose q + 22 - 66 = 0. Let p(k) = -4*k**2 - 123*k - 41. Let t be p(-30). Let r = t - q. What is the units digit of r?
5
Suppose 118626 - 140269 = -69*l + 506828. What is the thousands digit of l?
7
Let m = 356 + 3126. What is the thousands digit of m?
3
Let m(s) = 3 + 39*s**2 - 43*s**2 + 10*s**3 - 7. Let a be m(3). What is the units digit of 16/112 - a/(-7)?
3
Let i(t) = -t**2 + 1. Let m(c) = -2*c**2 - 5*c - 50. Let a(r) = -5*i(r) + m(r). What is the thousands digit of a(-21)?
1
Let v be (0 - -1270)*(1 - 0). What is the hundreds digit of (-12)/(-3) - (-1)/(5/v)?
2
Let v be 2*(25/(-10) - -4). Let x(c) = -v*c**2 - 8*c**2 + c**3 + 5 - 13*c - 6*c**2. What is the units digit of x(18)?
5
Suppose 0 = -8*l - 132 - 68. Let b(w) = -10*w + 83. What is the tens digit of b(l)?
3
Let g(r) = 9*r**2 - 16*r + 665. What is the thousands digit of g(32)?
9
Let s be -16*(-5)/100*2*-545. What is the units digit of s/3*(-1)/(2/3)?
6
Suppose -3*w + 8097 + 1866 = 1977. What is the thousands digit of w?
2
Suppose l + 4*r = 810, 507 = 2*l + 3*r - 1108. What is the units digit of l?
6
What is the hundreds digit of -10 - -3 - (8 - 13214)?
1
Suppose -3*i = -52559 + 15683. What is the thousands digit of (1 - i/20)*(-20)/8?
1
Suppose 12 = -30*y + 24*y. Let z(m) = -35*m + 35. What is the tens digit of z(y)?
0
Let m be 15*((-4)/12 + 2/3). Let h = m - 21. What is the hundreds digit of -4*514/h + 2/(-4)?
1
Let m(f) = -180*f - 239. Let t be m(-12). Suppose -3*w + t = -2540. What is the hundreds digit of w?
4
Let i = 85 + -91. What is the units digit of -8*((-81)/i)/(-9)?
2
Let o(b) = -2*b**3 + 31*b**2 + 33*b - 48. Suppose -5*k - 20 = 0, 4*j + 5*k - 39 - 5 = 0. What is the hundreds digit of o(j)?
2
Let v(p) = 305*p - 6779. What is the hundreds digit of v(112)?
3
Let g be -6*(-8)/144 - (-5)/3. Suppose 3*j + 5*l - 769 = 7*l, 1271 = 5*j + g*l. What is the tens digit of j?
5
Let z be 10/(-4)*660/275. What is the hundreds digit of ((-2404)/z)/((-2)/12*-4)?
6
Let h(x) be the third derivative of 13*x**4/24 + 383*x**3/6 - 2*x**2 + 65. What is the hundreds digit of h(0)?
3
Suppose 16*w - 3*w = 1313. Suppose w + 71 = d. What is the units digit of d?
2
Let v = -234 - -467. Let r = 391 - v. What is the units digit of r?
8
Let t = -5 + 139. Suppose -3*i + 20 = t. Let l = 43 + i. What is the units digit of l?
5
Let u = -62 + 91. Let b be 3500/210*18/10. Suppose b*w - 100 = u*w. What is the hundreds digit of w?
1
Let j = -5040 - -7216. Suppose 3*o + 4*f = j, 2*o + 2*f + 2*f = 1448. Suppose -8*w + 0*w + o = 0. What is the tens digit of w?
9
Suppose 4*s = -b - 507, -9*b - 1014 = -7*b + 2*s. Let z = b + 825. Suppose -4*o = 2*k - 296, 34 = -2*k + 2*o + z. What is the units digit of k?
4
Suppose -4*n - 22 = -6. Let r be -1*(1 + n + 8). Let s = r - -27. What is the units digit of s?
2
Suppose 0 = -3*l - l - 100. Let r(i) = -7*i + 133. What is the units digit of r(l)?
8
Let q(d) = 227*d**2 - 20*d - 259. What is the ten thousands digit of q(-8)?
1
Let k be (-186)/(-14) + (-2)/7. Let j(a) be the second derivative of 7*a**3/6 - 25*a**2/2 + 87*a. What is the units digit of j(k)?
6
Let x(u) be the third derivative of 25*u**6/24 + u**5/20 - u**4/2 + 5*u**3/3 + 6*u**2 + 4. What is the hundreds digit of x(2)?
9
Let k(h) = h**3 + h - 3. Let m be k(2). Let u(f) = f**3 - 12*f**2 + 16*f + 4. Let v be u(m). Let o = v + 216. What is the tens digit of o?
8
Suppose 0 = 3*n + 71 - 11. Let u be ((-36)/24)/(3/n). Suppose -u*l - 135 = -15*l. What is the tens digit of l?
2
Suppose 12 = 3*o - 4*d, d - 15 = 6*d. Let p = 39 + -39. Suppose p = -o*u - 7*u + 1008. What is the units digit of u?
4
Let y = 616 - 616. Let i(k) = 12*k - 4. Let v be i(4). Suppose -3*d - 3*q = -108, -3*q - v = -d - y*d. What is the tens digit of d?
3
Suppose 41757 = 3*k + 20*l - 21*l, 0 = 4*l - 24. What is the thousands digit of k?
3
What is the ten thousands digit of ((-443480)/(-180))/(2/9)?
1
Suppose 2*l = 14 + 62. Let b = -367 - l. Let h = -215 - b. What is the tens digit of h?
9
Suppose 4*k - 8 = 32. Suppose -k*m + 49 + 231 = 0. Suppose -m - 87 = -5*w. What is the units digit of w?
3
What is the units digit of (5 - 1)*-2 + (-99 - -5313)?
6
Suppose 1022*j = 997*j + 453625. What is the thousands digit of j?
8
Suppose 5*r + 3*q = 2*r + 12, 0 = -r - 4*q + 7. Suppose 2 + 7 = -r*v, -2*v = -5*p + 391. What is the units digit of p?
7
Let w(s) = -13 - 163*s**2 + 39*s + 15*s + s**3 + 197*s**2. What is the hundreds digit of w(-32)?
3
What is the tens digit of 30067/562 + ((-3)/2)/1?
5
Let u(g) = 8*g + 7. Let d be (-10)/4 + (-2)/(-4). Let r(q) = q + 1. Let o(i) = d*u(i) + 10*r(i). What is the tens digit of o(-12)?
6
Suppose -5*f - 127 - 803 = 0. Suppose 21*q - 5*t - 117 = 23*q, 0 = 4*q - 3*t + 273. Let d = q - f. What is the hundreds digit of d?
1
Suppose -10*j + 18027 + 36583 = 0. What is the units digit of j?
1
Let v(y) = -y**2 - 16*y + 3. Let z(o) be the first derivative of -o**4/4 + 8*o**3/3 - o**2/2 - 16. Let q be z(8). What is the tens digit of v(q)?
6
Let k be 24870/(-60) + -1*2/(-4). Let a = k + 609. What is the tens digit of a?
9
Let j(c) = -c**3 - c**2 - 10*c + 906. What is the units digit of j(0)?
6
Suppose 2*p + 18780 = 4*v, -3*p = 2*v - 9573 + 183. What is the tens digit of v?
9
Let o be 15/10*4 - 1. Suppose 3*r - 5*b = 2728, -o*r = 10*b - 9*b - 4584. What is the tens digit of r?
1
Let d = 11129 + 28393. What is the tens digit of d?
2
Let r(a) = -2*a - 27. Let h be r(-22). Suppose -10 = -t + h. Suppose t = 4*u - 13. What is the units digit of u?
0
Let k(t) be the third derivative of -t**4/24 + 34*t**3 - 16*t**2. Let g be k(0). Let m = g - 95. What is the tens digit of m?
0
What is the units digit of (-349 + -3393)/(-1 - 0)?
2
Let w = 581 - 578. Suppose -2454 = -3*y + 3*s, -6*s + 5*s + 2466 = w*y. What is the hundreds digit of y?
8
Suppose -98*f = -324514 - 706544. What is the units digit of f?
1
Let n(u) = 10*u**3 + 3*u**2 - 4*u + 2. Let k be n(2). Let m(c) = -c**2 - 16*c + 210. Let s be m(-26). Let v = k + s. What is the tens digit of v?
3
Let z = -4093 - -8479. What is the hundreds digit of z?
3
Suppose -2*f + y = -95941, 3*f - 14*y = -19*y + 143866. What is the units digit of f?
7
Let v = -364 + 1398. Suppose -1 = -5*o + v. Suppose -3*a + 111 = 5*p, 7*a - 2*a + p - o = 0. What is the tens digit of a?
4
Let s be ((-2)/36*-6)/(2/54). Let f = s + 14. Suppose f*r - 240 = 18*r. What is the units digit of r?
8
Let l = -94 - -97. Suppose 0 = -4*w - 3*m + 2853, w + l*w = -5*m + 2851. What is the units digit of w?
4
Let f = -567 + 1437. Let v = f + -196. What is the units digit of v?
4
Let p = 47012 + -24691. What is the tens digit of p?
2
Suppose 239*i - 1270 - 115362 = 0. What is the units digit of i?
8
Let y(t) = -6394*t + 3166. What is the thousands digit of y(-14)?
2
Let r(o) = 5*o**2 - 3*o + 15. Let a be r(-5). What is the hundreds digit of (-9)/(54/24) + a*1?
1
Suppose 2*k = -2*z, -27 = -5*k + 17*z + 17. Let s = 318 - 18. Suppose k*p + s = 7*p. What is the units digit of p?
0
Let t = -5341 + 11612. What is the thousands digit of t?
6
Let n(c) = 395*c - 1955. What is the hundreds digit of n(12)?
7
Suppose -4*w + 2*x + 180 + 242 = 0, -4*x = -2*w + 196. Let u = w - -615. What is the tens digit of u?
2
Let d be (-2013)/(-61) - 12/2. Suppose 0 = -d*y + 4068 + 1008. What is the tens digit of y?
8
Suppose 6 = -2*z + 3*w, -5*w = -z - 0*z - 17. Suppose a + 1 = v, -3*v - z*a - 2 = -5*v. What is the units digit of v?
1
Let i(s) = s**3 - 18*s**2 + 7*s + 4. Let p be i(18). Suppose -2*u + p = -4*g + 444, -3*g + 236 = -u. What is the units digit of g?
9
Let n be 2*1/2 + 659. Suppose 34*l - 32*l = 2*f - n, 0 = 2*l - 4. What is the hundreds digit of f?
3
Let x(g) = 11*g - 36. Let s be x(7). Let j = s + -41. Suppose j = 18*y - 23*y + 680. What is the units digit of y?
6
Suppose -5*t = -4*x + 3*x + 28, 5*t = -x + 8. Let c(n) = -n**3 + 19*n**2 - 4*n - 12. What is the units digit of c(x)?
0
Let y be (-16)/(-6)*(10 + -426 + 8). Let b = 1799 + y. What is the units digit of b?
1
Let g be (1*-3)/(78/676). Let h = -25 - g. Suppose -2*q = -41 + h. What is the tens digit of q?
2
Let p be 0 + 2 + 0 + 0. Suppose -8*n = -p*n. Suppose 4*o + o - 400 = n. What is the units digit of o?
0
Suppose 12*f - 9*f = 